{"id":9280,"date":"2025-11-04T21:56:31","date_gmt":"2025-11-04T21:56:31","guid":{"rendered":"https:\/\/filmcommission.buzz.cr\/?location=plaza-de-ferias-del-agricultor-de-poas"},"modified":"2026-01-23T15:15:18","modified_gmt":"2026-01-23T15:15:18","slug":"plaza-de-ferias-del-agricultor-de-poas","status":"publish","type":"location","link":"https:\/\/filmcommission.buzz.cr\/es\/?location=plaza-de-ferias-del-agricultor-de-poas","title":{"rendered":"Plaza De Ferias Del Agricultor De Po\u00e1s"},"content":{"rendered":"<p>El Centro Agr\u00edcola de Po\u00e1s es un vibrante punto de encuentro que combina funcionalidad, accesibilidad y encanto natural. Con un espacio amplio dise\u00f1ado para ferias agr\u00edcolas, eventos sociales y otras actividades comunitarias y econ\u00f3micas, esta plaza destaca por sus espectaculares vistas y ambiente \u00fanico. Cuenta con estacionamiento c\u00f3modo, accesibilidad para personas con discapacidad de acuerdo con la Ley 7600 y una pr\u00e1ctica zona de descarga para veh\u00edculos de carga, facilitando la log\u00edstica a los participantes. Tambi\u00e9n ofrece estaciones para el lavado de manos y un sistema de sonido de alta calidad, asegurando el \u00e9xito de cualquier evento. Es el lugar perfecto para disfrutar y conectar con la comunidad en un ambiente acogedor y bien equipado.<\/p>\n","protected":false},"featured_media":7355,"template":"","meta":{"_acf_changed":false},"region-costa-rica":[19],"class_list":["post-9280","location","type-location","status-publish","has-post-thumbnail","hentry","region-costa-rica-occidente"],"acf":[],"yoast_head":"<!-- This site is optimized with the Yoast SEO plugin v25.5 - https:\/\/yoast.com\/wordpress\/plugins\/seo\/ -->\n<title>Plaza De Ferias Del Agricultor De Po\u00e1s - Film Commission<\/title>\n<meta name=\"robots\" content=\"index, follow, max-snippet:-1, max-image-preview:large, max-video-preview:-1\" \/>\n<link rel=\"canonical\" href=\"https:\/\/filmcommission.buzz.cr\/es\/?location=plaza-de-ferias-del-agricultor-de-poas\" \/>\n<meta property=\"og:locale\" content=\"es_ES\" \/>\n<meta property=\"og:type\" content=\"article\" \/>\n<meta property=\"og:title\" content=\"Plaza De Ferias Del Agricultor De Po\u00e1s - Film Commission\" \/>\n<meta property=\"og:description\" content=\"El Centro Agr\u00edcola de Po\u00e1s es un vibrante punto de encuentro que combina funcionalidad, accesibilidad y encanto natural. Con un espacio amplio dise\u00f1ado para ferias agr\u00edcolas, eventos sociales y otras actividades comunitarias y econ\u00f3micas, esta plaza destaca por sus espectaculares vistas y ambiente \u00fanico. Cuenta con estacionamiento c\u00f3modo, accesibilidad para personas con discapacidad de acuerdo [&hellip;]\" \/>\n<meta property=\"og:url\" content=\"https:\/\/filmcommission.buzz.cr\/es\/?location=plaza-de-ferias-del-agricultor-de-poas\" \/>\n<meta property=\"og:site_name\" content=\"Film Commission\" \/>\n<meta property=\"article:modified_time\" content=\"2026-01-23T15:15:18+00:00\" \/>\n<meta property=\"og:image\" content=\"https:\/\/filmcommission.buzz.cr\/wp-content\/uploads\/2025\/11\/Plaza_De_Ferias_Del_Agricultor_De_Poas_Principal.jpeg\" \/>\n\t<meta property=\"og:image:width\" content=\"1080\" \/>\n\t<meta property=\"og:image:height\" content=\"810\" \/>\n\t<meta property=\"og:image:type\" content=\"image\/jpeg\" \/>\n<meta name=\"twitter:card\" content=\"summary_large_image\" \/>\n<meta name=\"twitter:label1\" content=\"Tiempo de lectura\" \/>\n\t<meta name=\"twitter:data1\" content=\"1 minuto\" \/>\n<script type=\"application\/ld+json\" class=\"yoast-schema-graph\">{\"@context\":\"https:\/\/schema.org\",\"@graph\":[{\"@type\":\"WebPage\",\"@id\":\"https:\/\/filmcommission.buzz.cr\/es\/?location=plaza-de-ferias-del-agricultor-de-poas\",\"url\":\"https:\/\/filmcommission.buzz.cr\/es\/?location=plaza-de-ferias-del-agricultor-de-poas\",\"name\":\"Plaza De Ferias Del Agricultor De Po\u00e1s - Film Commission\",\"isPartOf\":{\"@id\":\"https:\/\/filmcommission.buzz.cr\/es\/#website\"},\"primaryImageOfPage\":{\"@id\":\"https:\/\/filmcommission.buzz.cr\/es\/?location=plaza-de-ferias-del-agricultor-de-poas#primaryimage\"},\"image\":{\"@id\":\"https:\/\/filmcommission.buzz.cr\/es\/?location=plaza-de-ferias-del-agricultor-de-poas#primaryimage\"},\"thumbnailUrl\":\"https:\/\/filmcommission.buzz.cr\/wp-content\/uploads\/2025\/11\/Plaza_De_Ferias_Del_Agricultor_De_Poas_Principal.jpeg\",\"datePublished\":\"2025-11-04T21:56:31+00:00\",\"dateModified\":\"2026-01-23T15:15:18+00:00\",\"breadcrumb\":{\"@id\":\"https:\/\/filmcommission.buzz.cr\/es\/?location=plaza-de-ferias-del-agricultor-de-poas#breadcrumb\"},\"inLanguage\":\"es\",\"potentialAction\":[{\"@type\":\"ReadAction\",\"target\":[\"https:\/\/filmcommission.buzz.cr\/es\/?location=plaza-de-ferias-del-agricultor-de-poas\"]}]},{\"@type\":\"ImageObject\",\"inLanguage\":\"es\",\"@id\":\"https:\/\/filmcommission.buzz.cr\/es\/?location=plaza-de-ferias-del-agricultor-de-poas#primaryimage\",\"url\":\"https:\/\/filmcommission.buzz.cr\/wp-content\/uploads\/2025\/11\/Plaza_De_Ferias_Del_Agricultor_De_Poas_Principal.jpeg\",\"contentUrl\":\"https:\/\/filmcommission.buzz.cr\/wp-content\/uploads\/2025\/11\/Plaza_De_Ferias_Del_Agricultor_De_Poas_Principal.jpeg\",\"width\":1080,\"height\":810},{\"@type\":\"BreadcrumbList\",\"@id\":\"https:\/\/filmcommission.buzz.cr\/es\/?location=plaza-de-ferias-del-agricultor-de-poas#breadcrumb\",\"itemListElement\":[{\"@type\":\"ListItem\",\"position\":1,\"name\":\"Portada\",\"item\":\"https:\/\/filmcommission.buzz.cr\/es\/\"},{\"@type\":\"ListItem\",\"position\":2,\"name\":\"Plaza De Ferias Del Agricultor De Po\u00e1s\"}]},{\"@type\":\"WebSite\",\"@id\":\"https:\/\/filmcommission.buzz.cr\/es\/#website\",\"url\":\"https:\/\/filmcommission.buzz.cr\/es\/\",\"name\":\"Film Commission\",\"description\":\"Film Commission Website\",\"publisher\":{\"@id\":\"https:\/\/filmcommission.buzz.cr\/es\/#organization\"},\"potentialAction\":[{\"@type\":\"SearchAction\",\"target\":{\"@type\":\"EntryPoint\",\"urlTemplate\":\"https:\/\/filmcommission.buzz.cr\/es\/?s={search_term_string}\"},\"query-input\":{\"@type\":\"PropertyValueSpecification\",\"valueRequired\":true,\"valueName\":\"search_term_string\"}}],\"inLanguage\":\"es\"},{\"@type\":\"Organization\",\"@id\":\"https:\/\/filmcommission.buzz.cr\/es\/#organization\",\"name\":\"Film Commission\",\"url\":\"https:\/\/filmcommission.buzz.cr\/es\/\",\"logo\":{\"@type\":\"ImageObject\",\"inLanguage\":\"es\",\"@id\":\"https:\/\/filmcommission.buzz.cr\/es\/#\/schema\/logo\/image\/\",\"url\":\"https:\/\/filmcommission.buzz.cr\/wp-content\/uploads\/2025\/07\/Logo-CR-Film.svg\",\"contentUrl\":\"https:\/\/filmcommission.buzz.cr\/wp-content\/uploads\/2025\/07\/Logo-CR-Film.svg\",\"width\":93,\"height\":40,\"caption\":\"Film Commission\"},\"image\":{\"@id\":\"https:\/\/filmcommission.buzz.cr\/es\/#\/schema\/logo\/image\/\"}}]}<\/script>\n<!-- \/ Yoast SEO plugin. -->","yoast_head_json":{"title":"Plaza De Ferias Del Agricultor De Po\u00e1s - Film Commission","robots":{"index":"index","follow":"follow","max-snippet":"max-snippet:-1","max-image-preview":"max-image-preview:large","max-video-preview":"max-video-preview:-1"},"canonical":"https:\/\/filmcommission.buzz.cr\/es\/?location=plaza-de-ferias-del-agricultor-de-poas","og_locale":"es_ES","og_type":"article","og_title":"Plaza De Ferias Del Agricultor De Po\u00e1s - Film Commission","og_description":"El Centro Agr\u00edcola de Po\u00e1s es un vibrante punto de encuentro que combina funcionalidad, accesibilidad y encanto natural. Con un espacio amplio dise\u00f1ado para ferias agr\u00edcolas, eventos sociales y otras actividades comunitarias y econ\u00f3micas, esta plaza destaca por sus espectaculares vistas y ambiente \u00fanico. Cuenta con estacionamiento c\u00f3modo, accesibilidad para personas con discapacidad de acuerdo [&hellip;]","og_url":"https:\/\/filmcommission.buzz.cr\/es\/?location=plaza-de-ferias-del-agricultor-de-poas","og_site_name":"Film Commission","article_modified_time":"2026-01-23T15:15:18+00:00","og_image":[{"width":1080,"height":810,"url":"https:\/\/filmcommission.buzz.cr\/wp-content\/uploads\/2025\/11\/Plaza_De_Ferias_Del_Agricultor_De_Poas_Principal.jpeg","type":"image\/jpeg"}],"twitter_card":"summary_large_image","twitter_misc":{"Tiempo de lectura":"1 minuto"},"schema":{"@context":"https:\/\/schema.org","@graph":[{"@type":"WebPage","@id":"https:\/\/filmcommission.buzz.cr\/es\/?location=plaza-de-ferias-del-agricultor-de-poas","url":"https:\/\/filmcommission.buzz.cr\/es\/?location=plaza-de-ferias-del-agricultor-de-poas","name":"Plaza De Ferias Del Agricultor De Po\u00e1s - Film Commission","isPartOf":{"@id":"https:\/\/filmcommission.buzz.cr\/es\/#website"},"primaryImageOfPage":{"@id":"https:\/\/filmcommission.buzz.cr\/es\/?location=plaza-de-ferias-del-agricultor-de-poas#primaryimage"},"image":{"@id":"https:\/\/filmcommission.buzz.cr\/es\/?location=plaza-de-ferias-del-agricultor-de-poas#primaryimage"},"thumbnailUrl":"https:\/\/filmcommission.buzz.cr\/wp-content\/uploads\/2025\/11\/Plaza_De_Ferias_Del_Agricultor_De_Poas_Principal.jpeg","datePublished":"2025-11-04T21:56:31+00:00","dateModified":"2026-01-23T15:15:18+00:00","breadcrumb":{"@id":"https:\/\/filmcommission.buzz.cr\/es\/?location=plaza-de-ferias-del-agricultor-de-poas#breadcrumb"},"inLanguage":"es","potentialAction":[{"@type":"ReadAction","target":["https:\/\/filmcommission.buzz.cr\/es\/?location=plaza-de-ferias-del-agricultor-de-poas"]}]},{"@type":"ImageObject","inLanguage":"es","@id":"https:\/\/filmcommission.buzz.cr\/es\/?location=plaza-de-ferias-del-agricultor-de-poas#primaryimage","url":"https:\/\/filmcommission.buzz.cr\/wp-content\/uploads\/2025\/11\/Plaza_De_Ferias_Del_Agricultor_De_Poas_Principal.jpeg","contentUrl":"https:\/\/filmcommission.buzz.cr\/wp-content\/uploads\/2025\/11\/Plaza_De_Ferias_Del_Agricultor_De_Poas_Principal.jpeg","width":1080,"height":810},{"@type":"BreadcrumbList","@id":"https:\/\/filmcommission.buzz.cr\/es\/?location=plaza-de-ferias-del-agricultor-de-poas#breadcrumb","itemListElement":[{"@type":"ListItem","position":1,"name":"Portada","item":"https:\/\/filmcommission.buzz.cr\/es\/"},{"@type":"ListItem","position":2,"name":"Plaza De Ferias Del Agricultor De Po\u00e1s"}]},{"@type":"WebSite","@id":"https:\/\/filmcommission.buzz.cr\/es\/#website","url":"https:\/\/filmcommission.buzz.cr\/es\/","name":"Film Commission","description":"Film Commission Website","publisher":{"@id":"https:\/\/filmcommission.buzz.cr\/es\/#organization"},"potentialAction":[{"@type":"SearchAction","target":{"@type":"EntryPoint","urlTemplate":"https:\/\/filmcommission.buzz.cr\/es\/?s={search_term_string}"},"query-input":{"@type":"PropertyValueSpecification","valueRequired":true,"valueName":"search_term_string"}}],"inLanguage":"es"},{"@type":"Organization","@id":"https:\/\/filmcommission.buzz.cr\/es\/#organization","name":"Film Commission","url":"https:\/\/filmcommission.buzz.cr\/es\/","logo":{"@type":"ImageObject","inLanguage":"es","@id":"https:\/\/filmcommission.buzz.cr\/es\/#\/schema\/logo\/image\/","url":"https:\/\/filmcommission.buzz.cr\/wp-content\/uploads\/2025\/07\/Logo-CR-Film.svg","contentUrl":"https:\/\/filmcommission.buzz.cr\/wp-content\/uploads\/2025\/07\/Logo-CR-Film.svg","width":93,"height":40,"caption":"Film Commission"},"image":{"@id":"https:\/\/filmcommission.buzz.cr\/es\/#\/schema\/logo\/image\/"}}]}},"_links":{"self":[{"href":"https:\/\/filmcommission.buzz.cr\/es\/wp-json\/wp\/v2\/location\/9280","targetHints":{"allow":["GET"]}}],"collection":[{"href":"https:\/\/filmcommission.buzz.cr\/es\/wp-json\/wp\/v2\/location"}],"about":[{"href":"https:\/\/filmcommission.buzz.cr\/es\/wp-json\/wp\/v2\/types\/location"}],"wp:featuredmedia":[{"embeddable":true,"href":"https:\/\/filmcommission.buzz.cr\/es\/wp-json\/wp\/v2\/media\/7355"}],"wp:attachment":[{"href":"https:\/\/filmcommission.buzz.cr\/es\/wp-json\/wp\/v2\/media?parent=9280"}],"wp:term":[{"taxonomy":"region-costa-rica","embeddable":true,"href":"https:\/\/filmcommission.buzz.cr\/es\/wp-json\/wp\/v2\/region-costa-rica?post=9280"}],"curies":[{"name":"wp","href":"https:\/\/api.w.org\/{rel}","templated":true}]}}

Plaza De Ferias Del Agricultor De Poás

<p>El Centro Agrícola de Poás es un vibrante punto de encuentro que combina funcionalidad, accesibilidad y encanto natural. Con un espacio amplio diseñado para ferias agrícolas, eventos sociales y otras actividades comunitarias y económicas, esta plaza destaca por sus espectaculares vistas y ambiente único. Cuenta con estacionamiento cómodo, accesibilidad para personas con discapacidad de acuerdo con la Ley 7600 y una práctica zona de descarga para vehículos de carga, facilitando la logística a los participantes. También ofrece estaciones para el lavado de manos y un sistema de sonido de alta calidad, asegurando el éxito de cualquier evento. Es el lugar perfecto para disfrutar y conectar con la comunidad en un ambiente acogedor y bien equipado.</p>

<!-- This site is optimized with the Yoast SEO plugin v25.5 - https://yoast.com/wordpress/plugins/seo/ -->
<title>Plaza De Ferias Del Agricultor De Poás - Film Commission</title>
<meta name="robots" content="index, follow, max-snippet:-1, max-image-preview:large, max-video-preview:-1" />
<link rel="canonical" href="https://filmcommission.buzz.cr/es/?location=plaza-de-ferias-del-agricultor-de-poas" />
<meta property="og:locale" content="es_ES" />
<meta property="og:type" content="article" />
<meta property="og:title" content="Plaza De Ferias Del Agricultor De Poás - Film Commission" />
<meta property="og:description" content="El Centro Agrícola de Poás es un vibrante punto de encuentro que combina funcionalidad, accesibilidad y encanto natural. Con un espacio amplio diseñado para ferias agrícolas, eventos sociales y otras actividades comunitarias y económicas, esta plaza destaca por sus espectaculares vistas y ambiente único. Cuenta con estacionamiento cómodo, accesibilidad para personas con discapacidad de acuerdo [&hellip;]" />
<meta property="og:url" content="https://filmcommission.buzz.cr/es/?location=plaza-de-ferias-del-agricultor-de-poas" />
<meta property="og:site_name" content="Film Commission" />
<meta property="article:modified_time" content="2026-01-23T15:15:18+00:00" />
<meta property="og:image" content="https://filmcommission.buzz.cr/wp-content/uploads/2025/11/Plaza_De_Ferias_Del_Agricultor_De_Poas_Principal.jpeg" />
	<meta property="og:image:width" content="1080" />
	<meta property="og:image:height" content="810" />
	<meta property="og:image:type" content="image/jpeg" />
<meta name="twitter:card" content="summary_large_image" />
<meta name="twitter:label1" content="Tiempo de lectura" />
	<meta name="twitter:data1" content="1 minuto" />
<script type="application/ld+json" class="yoast-schema-graph">{"@context":"https://schema.org","@graph":[{"@type":"WebPage","@id":"https://filmcommission.buzz.cr/es/?location=plaza-de-ferias-del-agricultor-de-poas","url":"https://filmcommission.buzz.cr/es/?location=plaza-de-ferias-del-agricultor-de-poas","name":"Plaza De Ferias Del Agricultor De Poás - Film Commission","isPartOf":{"@id":"https://filmcommission.buzz.cr/es/#website"},"primaryImageOfPage":{"@id":"https://filmcommission.buzz.cr/es/?location=plaza-de-ferias-del-agricultor-de-poas#primaryimage"},"image":{"@id":"https://filmcommission.buzz.cr/es/?location=plaza-de-ferias-del-agricultor-de-poas#primaryimage"},"thumbnailUrl":"https://filmcommission.buzz.cr/wp-content/uploads/2025/11/Plaza_De_Ferias_Del_Agricultor_De_Poas_Principal.jpeg","datePublished":"2025-11-04T21:56:31+00:00","dateModified":"2026-01-23T15:15:18+00:00","breadcrumb":{"@id":"https://filmcommission.buzz.cr/es/?location=plaza-de-ferias-del-agricultor-de-poas#breadcrumb"},"inLanguage":"es","potentialAction":[{"@type":"ReadAction","target":["https://filmcommission.buzz.cr/es/?location=plaza-de-ferias-del-agricultor-de-poas"]}]},{"@type":"ImageObject","inLanguage":"es","@id":"https://filmcommission.buzz.cr/es/?location=plaza-de-ferias-del-agricultor-de-poas#primaryimage","url":"https://filmcommission.buzz.cr/wp-content/uploads/2025/11/Plaza_De_Ferias_Del_Agricultor_De_Poas_Principal.jpeg","contentUrl":"https://filmcommission.buzz.cr/wp-content/uploads/2025/11/Plaza_De_Ferias_Del_Agricultor_De_Poas_Principal.jpeg","width":1080,"height":810},{"@type":"BreadcrumbList","@id":"https://filmcommission.buzz.cr/es/?location=plaza-de-ferias-del-agricultor-de-poas#breadcrumb","itemListElement":[{"@type":"ListItem","position":1,"name":"Portada","item":"https://filmcommission.buzz.cr/es/"},{"@type":"ListItem","position":2,"name":"Plaza De Ferias Del Agricultor De Poás"}]},{"@type":"WebSite","@id":"https://filmcommission.buzz.cr/es/#website","url":"https://filmcommission.buzz.cr/es/","name":"Film Commission","description":"Film Commission Website","publisher":{"@id":"https://filmcommission.buzz.cr/es/#organization"},"potentialAction":[{"@type":"SearchAction","target":{"@type":"EntryPoint","urlTemplate":"https://filmcommission.buzz.cr/es/?s={search_term_string}"},"query-input":{"@type":"PropertyValueSpecification","valueRequired":true,"valueName":"search_term_string"}}],"inLanguage":"es"},{"@type":"Organization","@id":"https://filmcommission.buzz.cr/es/#organization","name":"Film Commission","url":"https://filmcommission.buzz.cr/es/","logo":{"@type":"ImageObject","inLanguage":"es","@id":"https://filmcommission.buzz.cr/es/#/schema/logo/image/","url":"https://filmcommission.buzz.cr/wp-content/uploads/2025/07/Logo-CR-Film.svg","contentUrl":"https://filmcommission.buzz.cr/wp-content/uploads/2025/07/Logo-CR-Film.svg","width":93,"height":40,"caption":"Film Commission"},"image":{"@id":"https://filmcommission.buzz.cr/es/#/schema/logo/image/"}}]}</script>
<!-- / Yoast SEO plugin. -->

Plaza De Ferias Del Agricultor De Poás - Film Commission

El Centro Agrícola de Poás es un vibrante punto de encuentro que combina funcionalidad, accesibilidad y encanto natural. Con un espacio amplio diseñado para ferias agrícolas, eventos sociales y otras actividades comunitarias y económicas, esta plaza destaca por sus espectaculares vistas y ambiente único. Cuenta con estacionamiento cómodo, accesibilidad para personas con discapacidad de acuerdo [&hellip;]
