{"id":9187,"date":"2025-11-04T21:38:36","date_gmt":"2025-11-04T21:38:36","guid":{"rendered":"https:\/\/filmcommission.buzz.cr\/?location=hotel-spa-escondite-de-la-montana"},"modified":"2026-01-23T15:13:31","modified_gmt":"2026-01-23T15:13:31","slug":"hotel-spa-escondite-de-la-montana","status":"publish","type":"location","link":"https:\/\/filmcommission.buzz.cr\/es\/?location=hotel-spa-escondite-de-la-montana","title":{"rendered":"Hotel &#038; Spa Escondite De La Monta\u00f1a"},"content":{"rendered":"<p>Ofrecemos vistas de las laderas del Volc\u00e1n Po\u00e1s y la zona monta\u00f1osa que bordea el Parque Nacional Volc\u00e1n Po\u00e1s.<\/p>\n","protected":false},"featured_media":6909,"template":"","meta":{"_acf_changed":false},"region-costa-rica":[19],"class_list":["post-9187","location","type-location","status-publish","has-post-thumbnail","hentry","region-costa-rica-occidente"],"acf":[],"yoast_head":"<!-- This site is optimized with the Yoast SEO plugin v25.5 - https:\/\/yoast.com\/wordpress\/plugins\/seo\/ -->\n<title>Hotel &amp; Spa Escondite De La Monta\u00f1a - Film Commission<\/title>\n<meta name=\"robots\" content=\"index, follow, max-snippet:-1, max-image-preview:large, max-video-preview:-1\" \/>\n<link rel=\"canonical\" href=\"https:\/\/filmcommission.buzz.cr\/es\/?location=hotel-spa-escondite-de-la-montana\" \/>\n<meta property=\"og:locale\" content=\"es_ES\" \/>\n<meta property=\"og:type\" content=\"article\" \/>\n<meta property=\"og:title\" content=\"Hotel &amp; Spa Escondite De La Monta\u00f1a - Film Commission\" \/>\n<meta property=\"og:description\" content=\"Ofrecemos vistas de las laderas del Volc\u00e1n Po\u00e1s y la zona monta\u00f1osa que bordea el Parque Nacional Volc\u00e1n Po\u00e1s.\" \/>\n<meta property=\"og:url\" content=\"https:\/\/filmcommission.buzz.cr\/es\/?location=hotel-spa-escondite-de-la-montana\" \/>\n<meta property=\"og:site_name\" content=\"Film Commission\" \/>\n<meta property=\"article:modified_time\" content=\"2026-01-23T15:13:31+00:00\" \/>\n<meta property=\"og:image\" content=\"https:\/\/filmcommission.buzz.cr\/wp-content\/uploads\/2025\/11\/Hotel_y_Spa_Escondite_De_La_Montana_Principal-scaled.jpg\" \/>\n\t<meta property=\"og:image:width\" content=\"2560\" \/>\n\t<meta property=\"og:image:height\" content=\"1704\" \/>\n\t<meta property=\"og:image:type\" content=\"image\/jpeg\" \/>\n<meta name=\"twitter:card\" content=\"summary_large_image\" \/>\n<script type=\"application\/ld+json\" class=\"yoast-schema-graph\">{\"@context\":\"https:\/\/schema.org\",\"@graph\":[{\"@type\":\"WebPage\",\"@id\":\"https:\/\/filmcommission.buzz.cr\/es\/?location=hotel-spa-escondite-de-la-montana\",\"url\":\"https:\/\/filmcommission.buzz.cr\/es\/?location=hotel-spa-escondite-de-la-montana\",\"name\":\"Hotel & Spa Escondite De La Monta\u00f1a - Film Commission\",\"isPartOf\":{\"@id\":\"https:\/\/filmcommission.buzz.cr\/es\/#website\"},\"primaryImageOfPage\":{\"@id\":\"https:\/\/filmcommission.buzz.cr\/es\/?location=hotel-spa-escondite-de-la-montana#primaryimage\"},\"image\":{\"@id\":\"https:\/\/filmcommission.buzz.cr\/es\/?location=hotel-spa-escondite-de-la-montana#primaryimage\"},\"thumbnailUrl\":\"https:\/\/filmcommission.buzz.cr\/wp-content\/uploads\/2025\/11\/Hotel_y_Spa_Escondite_De_La_Montana_Principal-scaled.jpg\",\"datePublished\":\"2025-11-04T21:38:36+00:00\",\"dateModified\":\"2026-01-23T15:13:31+00:00\",\"breadcrumb\":{\"@id\":\"https:\/\/filmcommission.buzz.cr\/es\/?location=hotel-spa-escondite-de-la-montana#breadcrumb\"},\"inLanguage\":\"es\",\"potentialAction\":[{\"@type\":\"ReadAction\",\"target\":[\"https:\/\/filmcommission.buzz.cr\/es\/?location=hotel-spa-escondite-de-la-montana\"]}]},{\"@type\":\"ImageObject\",\"inLanguage\":\"es\",\"@id\":\"https:\/\/filmcommission.buzz.cr\/es\/?location=hotel-spa-escondite-de-la-montana#primaryimage\",\"url\":\"https:\/\/filmcommission.buzz.cr\/wp-content\/uploads\/2025\/11\/Hotel_y_Spa_Escondite_De_La_Montana_Principal-scaled.jpg\",\"contentUrl\":\"https:\/\/filmcommission.buzz.cr\/wp-content\/uploads\/2025\/11\/Hotel_y_Spa_Escondite_De_La_Montana_Principal-scaled.jpg\",\"width\":2560,\"height\":1704},{\"@type\":\"BreadcrumbList\",\"@id\":\"https:\/\/filmcommission.buzz.cr\/es\/?location=hotel-spa-escondite-de-la-montana#breadcrumb\",\"itemListElement\":[{\"@type\":\"ListItem\",\"position\":1,\"name\":\"Portada\",\"item\":\"https:\/\/filmcommission.buzz.cr\/es\/\"},{\"@type\":\"ListItem\",\"position\":2,\"name\":\"Hotel &#038; Spa Escondite De La Monta\u00f1a\"}]},{\"@type\":\"WebSite\",\"@id\":\"https:\/\/filmcommission.buzz.cr\/es\/#website\",\"url\":\"https:\/\/filmcommission.buzz.cr\/es\/\",\"name\":\"Film Commission\",\"description\":\"Film Commission Website\",\"publisher\":{\"@id\":\"https:\/\/filmcommission.buzz.cr\/es\/#organization\"},\"potentialAction\":[{\"@type\":\"SearchAction\",\"target\":{\"@type\":\"EntryPoint\",\"urlTemplate\":\"https:\/\/filmcommission.buzz.cr\/es\/?s={search_term_string}\"},\"query-input\":{\"@type\":\"PropertyValueSpecification\",\"valueRequired\":true,\"valueName\":\"search_term_string\"}}],\"inLanguage\":\"es\"},{\"@type\":\"Organization\",\"@id\":\"https:\/\/filmcommission.buzz.cr\/es\/#organization\",\"name\":\"Film Commission\",\"url\":\"https:\/\/filmcommission.buzz.cr\/es\/\",\"logo\":{\"@type\":\"ImageObject\",\"inLanguage\":\"es\",\"@id\":\"https:\/\/filmcommission.buzz.cr\/es\/#\/schema\/logo\/image\/\",\"url\":\"https:\/\/filmcommission.buzz.cr\/wp-content\/uploads\/2025\/07\/Logo-CR-Film.svg\",\"contentUrl\":\"https:\/\/filmcommission.buzz.cr\/wp-content\/uploads\/2025\/07\/Logo-CR-Film.svg\",\"width\":93,\"height\":40,\"caption\":\"Film Commission\"},\"image\":{\"@id\":\"https:\/\/filmcommission.buzz.cr\/es\/#\/schema\/logo\/image\/\"}}]}<\/script>\n<!-- \/ Yoast SEO plugin. -->","yoast_head_json":{"title":"Hotel & Spa Escondite De La Monta\u00f1a - Film Commission","robots":{"index":"index","follow":"follow","max-snippet":"max-snippet:-1","max-image-preview":"max-image-preview:large","max-video-preview":"max-video-preview:-1"},"canonical":"https:\/\/filmcommission.buzz.cr\/es\/?location=hotel-spa-escondite-de-la-montana","og_locale":"es_ES","og_type":"article","og_title":"Hotel & Spa Escondite De La Monta\u00f1a - Film Commission","og_description":"Ofrecemos vistas de las laderas del Volc\u00e1n Po\u00e1s y la zona monta\u00f1osa que bordea el Parque Nacional Volc\u00e1n Po\u00e1s.","og_url":"https:\/\/filmcommission.buzz.cr\/es\/?location=hotel-spa-escondite-de-la-montana","og_site_name":"Film Commission","article_modified_time":"2026-01-23T15:13:31+00:00","og_image":[{"width":2560,"height":1704,"url":"https:\/\/filmcommission.buzz.cr\/wp-content\/uploads\/2025\/11\/Hotel_y_Spa_Escondite_De_La_Montana_Principal-scaled.jpg","type":"image\/jpeg"}],"twitter_card":"summary_large_image","schema":{"@context":"https:\/\/schema.org","@graph":[{"@type":"WebPage","@id":"https:\/\/filmcommission.buzz.cr\/es\/?location=hotel-spa-escondite-de-la-montana","url":"https:\/\/filmcommission.buzz.cr\/es\/?location=hotel-spa-escondite-de-la-montana","name":"Hotel & Spa Escondite De La Monta\u00f1a - Film Commission","isPartOf":{"@id":"https:\/\/filmcommission.buzz.cr\/es\/#website"},"primaryImageOfPage":{"@id":"https:\/\/filmcommission.buzz.cr\/es\/?location=hotel-spa-escondite-de-la-montana#primaryimage"},"image":{"@id":"https:\/\/filmcommission.buzz.cr\/es\/?location=hotel-spa-escondite-de-la-montana#primaryimage"},"thumbnailUrl":"https:\/\/filmcommission.buzz.cr\/wp-content\/uploads\/2025\/11\/Hotel_y_Spa_Escondite_De_La_Montana_Principal-scaled.jpg","datePublished":"2025-11-04T21:38:36+00:00","dateModified":"2026-01-23T15:13:31+00:00","breadcrumb":{"@id":"https:\/\/filmcommission.buzz.cr\/es\/?location=hotel-spa-escondite-de-la-montana#breadcrumb"},"inLanguage":"es","potentialAction":[{"@type":"ReadAction","target":["https:\/\/filmcommission.buzz.cr\/es\/?location=hotel-spa-escondite-de-la-montana"]}]},{"@type":"ImageObject","inLanguage":"es","@id":"https:\/\/filmcommission.buzz.cr\/es\/?location=hotel-spa-escondite-de-la-montana#primaryimage","url":"https:\/\/filmcommission.buzz.cr\/wp-content\/uploads\/2025\/11\/Hotel_y_Spa_Escondite_De_La_Montana_Principal-scaled.jpg","contentUrl":"https:\/\/filmcommission.buzz.cr\/wp-content\/uploads\/2025\/11\/Hotel_y_Spa_Escondite_De_La_Montana_Principal-scaled.jpg","width":2560,"height":1704},{"@type":"BreadcrumbList","@id":"https:\/\/filmcommission.buzz.cr\/es\/?location=hotel-spa-escondite-de-la-montana#breadcrumb","itemListElement":[{"@type":"ListItem","position":1,"name":"Portada","item":"https:\/\/filmcommission.buzz.cr\/es\/"},{"@type":"ListItem","position":2,"name":"Hotel &#038; Spa Escondite De La Monta\u00f1a"}]},{"@type":"WebSite","@id":"https:\/\/filmcommission.buzz.cr\/es\/#website","url":"https:\/\/filmcommission.buzz.cr\/es\/","name":"Film Commission","description":"Film Commission Website","publisher":{"@id":"https:\/\/filmcommission.buzz.cr\/es\/#organization"},"potentialAction":[{"@type":"SearchAction","target":{"@type":"EntryPoint","urlTemplate":"https:\/\/filmcommission.buzz.cr\/es\/?s={search_term_string}"},"query-input":{"@type":"PropertyValueSpecification","valueRequired":true,"valueName":"search_term_string"}}],"inLanguage":"es"},{"@type":"Organization","@id":"https:\/\/filmcommission.buzz.cr\/es\/#organization","name":"Film Commission","url":"https:\/\/filmcommission.buzz.cr\/es\/","logo":{"@type":"ImageObject","inLanguage":"es","@id":"https:\/\/filmcommission.buzz.cr\/es\/#\/schema\/logo\/image\/","url":"https:\/\/filmcommission.buzz.cr\/wp-content\/uploads\/2025\/07\/Logo-CR-Film.svg","contentUrl":"https:\/\/filmcommission.buzz.cr\/wp-content\/uploads\/2025\/07\/Logo-CR-Film.svg","width":93,"height":40,"caption":"Film Commission"},"image":{"@id":"https:\/\/filmcommission.buzz.cr\/es\/#\/schema\/logo\/image\/"}}]}},"_links":{"self":[{"href":"https:\/\/filmcommission.buzz.cr\/es\/wp-json\/wp\/v2\/location\/9187","targetHints":{"allow":["GET"]}}],"collection":[{"href":"https:\/\/filmcommission.buzz.cr\/es\/wp-json\/wp\/v2\/location"}],"about":[{"href":"https:\/\/filmcommission.buzz.cr\/es\/wp-json\/wp\/v2\/types\/location"}],"wp:featuredmedia":[{"embeddable":true,"href":"https:\/\/filmcommission.buzz.cr\/es\/wp-json\/wp\/v2\/media\/6909"}],"wp:attachment":[{"href":"https:\/\/filmcommission.buzz.cr\/es\/wp-json\/wp\/v2\/media?parent=9187"}],"wp:term":[{"taxonomy":"region-costa-rica","embeddable":true,"href":"https:\/\/filmcommission.buzz.cr\/es\/wp-json\/wp\/v2\/region-costa-rica?post=9187"}],"curies":[{"name":"wp","href":"https:\/\/api.w.org\/{rel}","templated":true}]}}

Hotel &#038; Spa Escondite De La Montaña

<p>Ofrecemos vistas de las laderas del Volcán Poás y la zona montañosa que bordea el Parque Nacional Volcán Poás.</p>

<!-- This site is optimized with the Yoast SEO plugin v25.5 - https://yoast.com/wordpress/plugins/seo/ -->
<title>Hotel &amp; Spa Escondite De La Montaña - Film Commission</title>
<meta name="robots" content="index, follow, max-snippet:-1, max-image-preview:large, max-video-preview:-1" />
<link rel="canonical" href="https://filmcommission.buzz.cr/es/?location=hotel-spa-escondite-de-la-montana" />
<meta property="og:locale" content="es_ES" />
<meta property="og:type" content="article" />
<meta property="og:title" content="Hotel &amp; Spa Escondite De La Montaña - Film Commission" />
<meta property="og:description" content="Ofrecemos vistas de las laderas del Volcán Poás y la zona montañosa que bordea el Parque Nacional Volcán Poás." />
<meta property="og:url" content="https://filmcommission.buzz.cr/es/?location=hotel-spa-escondite-de-la-montana" />
<meta property="og:site_name" content="Film Commission" />
<meta property="article:modified_time" content="2026-01-23T15:13:31+00:00" />
<meta property="og:image" content="https://filmcommission.buzz.cr/wp-content/uploads/2025/11/Hotel_y_Spa_Escondite_De_La_Montana_Principal-scaled.jpg" />
	<meta property="og:image:width" content="2560" />
	<meta property="og:image:height" content="1704" />
	<meta property="og:image:type" content="image/jpeg" />
<meta name="twitter:card" content="summary_large_image" />
<script type="application/ld+json" class="yoast-schema-graph">{"@context":"https://schema.org","@graph":[{"@type":"WebPage","@id":"https://filmcommission.buzz.cr/es/?location=hotel-spa-escondite-de-la-montana","url":"https://filmcommission.buzz.cr/es/?location=hotel-spa-escondite-de-la-montana","name":"Hotel & Spa Escondite De La Montaña - Film Commission","isPartOf":{"@id":"https://filmcommission.buzz.cr/es/#website"},"primaryImageOfPage":{"@id":"https://filmcommission.buzz.cr/es/?location=hotel-spa-escondite-de-la-montana#primaryimage"},"image":{"@id":"https://filmcommission.buzz.cr/es/?location=hotel-spa-escondite-de-la-montana#primaryimage"},"thumbnailUrl":"https://filmcommission.buzz.cr/wp-content/uploads/2025/11/Hotel_y_Spa_Escondite_De_La_Montana_Principal-scaled.jpg","datePublished":"2025-11-04T21:38:36+00:00","dateModified":"2026-01-23T15:13:31+00:00","breadcrumb":{"@id":"https://filmcommission.buzz.cr/es/?location=hotel-spa-escondite-de-la-montana#breadcrumb"},"inLanguage":"es","potentialAction":[{"@type":"ReadAction","target":["https://filmcommission.buzz.cr/es/?location=hotel-spa-escondite-de-la-montana"]}]},{"@type":"ImageObject","inLanguage":"es","@id":"https://filmcommission.buzz.cr/es/?location=hotel-spa-escondite-de-la-montana#primaryimage","url":"https://filmcommission.buzz.cr/wp-content/uploads/2025/11/Hotel_y_Spa_Escondite_De_La_Montana_Principal-scaled.jpg","contentUrl":"https://filmcommission.buzz.cr/wp-content/uploads/2025/11/Hotel_y_Spa_Escondite_De_La_Montana_Principal-scaled.jpg","width":2560,"height":1704},{"@type":"BreadcrumbList","@id":"https://filmcommission.buzz.cr/es/?location=hotel-spa-escondite-de-la-montana#breadcrumb","itemListElement":[{"@type":"ListItem","position":1,"name":"Portada","item":"https://filmcommission.buzz.cr/es/"},{"@type":"ListItem","position":2,"name":"Hotel &#038; Spa Escondite De La Montaña"}]},{"@type":"WebSite","@id":"https://filmcommission.buzz.cr/es/#website","url":"https://filmcommission.buzz.cr/es/","name":"Film Commission","description":"Film Commission Website","publisher":{"@id":"https://filmcommission.buzz.cr/es/#organization"},"potentialAction":[{"@type":"SearchAction","target":{"@type":"EntryPoint","urlTemplate":"https://filmcommission.buzz.cr/es/?s={search_term_string}"},"query-input":{"@type":"PropertyValueSpecification","valueRequired":true,"valueName":"search_term_string"}}],"inLanguage":"es"},{"@type":"Organization","@id":"https://filmcommission.buzz.cr/es/#organization","name":"Film Commission","url":"https://filmcommission.buzz.cr/es/","logo":{"@type":"ImageObject","inLanguage":"es","@id":"https://filmcommission.buzz.cr/es/#/schema/logo/image/","url":"https://filmcommission.buzz.cr/wp-content/uploads/2025/07/Logo-CR-Film.svg","contentUrl":"https://filmcommission.buzz.cr/wp-content/uploads/2025/07/Logo-CR-Film.svg","width":93,"height":40,"caption":"Film Commission"},"image":{"@id":"https://filmcommission.buzz.cr/es/#/schema/logo/image/"}}]}</script>
<!-- / Yoast SEO plugin. -->

Hotel & Spa Escondite De La Montaña - Film Commission

Ofrecemos vistas de las laderas del Volcán Poás y la zona montañosa que bordea el Parque Nacional Volcán Poás.
